ommon divisor of 586 and 53619?
293
Calculate the greatest common divisor of 12 and 12756.
12
What is the highest common divisor of 22 and 1232?
22
Calculate the highest common divisor of 28 and 1372.
28
Calculate the highest common divisor of 96 and 222.
6
What is the highest common factor of 206 and 515?
103
What is the greatest common divisor of 34 and 51?
17
Calculate the highest common divisor of 729 and 198.
9
Calculate the highest common divisor of 180 and 132.
12
What is the highest common factor of 50 and 350?
50
What is the highest common factor of 112 and 532?
28
Calculate the greatest common divisor of 1554 and 5106.
222
Calculate the highest common factor of 5587 and 185.
37
Calculate the highest common divisor of 86 and 559.
43
Calculate the highest common factor of 5 and 295.
5
What is the greatest common factor of 288 and 54?
18
What is the greatest common factor of 18 and 603?
9
Calculate the greatest common divisor of 1210 and 30.
10
What is the highest common factor of 3290 and 130?
10
What is the greatest common divisor of 714 and 12?
6
What is the highest common divisor of 297 and 27?
27
What is the greatest common divisor of 672 and 5088?
96
What is the highest common factor of 475 and 1444?
19
Calculate the highest common divisor of 325 and 130.
65
What is the greatest common divisor of 498 and 17679?
249
What is the highest common divisor of 3122 and 4?
2
Calculate the greatest common divisor of 490 and 735.
245
Calculate the highest common factor of 495 and 792.
99
Calculate the highest common divisor of 52 and 2524.
4
Calculate the highest common divisor of 20 and 2230.
10
What is the highest common factor of 871 and 130?
13
What is the greatest common divisor of 2737 and 119?
119
Calculate the greatest common divisor of 50 and 1450.
50
Calculate the greatest common divisor of 21 and 5901.
21
Calculate the greatest common divisor of 2162 and 940.
94
Calculate the highest common factor of 711 and 261.
9
Calculate the highest common divisor of 6715 and 79.
79
What is the highest common factor of 10962 and 252?
126
What is the highest common factor of 396 and 144?
36
Calculate the greatest common divisor of 83 and 2241.
83
What is the highest common factor of 476 and 77?
7
Calculate the highest common factor of 84 and 140.
28
Calculate the greatest common factor of 78 and 76830.
78
Calculate the highest common factor of 27 and 16389.
27
Calculate the highest common factor of 1445 and 85.
85
What is the greatest common divisor of 117 and 27?
9
What is the greatest common divisor of 189 and 459?
27
Calculate the highest common divisor of 945 and 105.
105
What is the highest common factor of 380 and 152?
76
Calculate the highest common divisor of 9 and 801.
9
Calculate the greatest common factor of 25 and 75.
25
What is the highest common factor of 10815 and 105?
105
What is the greatest common factor of 36 and 2556?
36
What is the highest common factor of 75 and 195?
15
What is the highest common divisor of 2414 and 284?
142
Calculate the highest common divisor of 57 and 741.
57
What is the highest common factor of 24015 and 15?
15
Calculate the greatest common divisor of 187 and 85.
17
Calculate the highest common factor of 2 and 496.
2
What is the highest common divisor of 2752 and 384?
64
What is the highest common factor of 117 and 195?
39
What is the highest common factor of 5 and 38210?
5
Calculate the greatest common divisor of 3650 and 4.
2
What is the highest common factor of 518 and 14?
14
What is the highest common factor of 189 and 1218?
21
Calculate the greatest common divisor of 36 and 156.
12
What is the greatest common factor of 64 and 512?
64
What is the highest common factor of 32 and 400?
16
Calculate the highest common factor of 826 and 14.
14
Calculate the highest common factor of 190 and 320.
10
Calculate the highest common divisor of 3198 and 26.
26
What is the highest common factor of 32 and 4272?
16
Calculate the greatest common divisor of 67 and 1273.
67
What is the greatest common factor of 256 and 2?
2
What is the greatest common factor of 18 and 351?
9
What is the greatest common divisor of 385 and 105?
35
Calculate the greatest common factor of 114 and 494.
38
What is the greatest common factor of 48 and 13128?
24
Calculate the greatest common divisor of 19 and 418.
19
What is the greatest common factor of 5 and 410?
5
Calculate the greatest common divisor of 30 and 960.
30
What is the highest common divisor of 15211 and 287?
287
What is the highest common divisor of 23 and 3841?
23
Calculate the highest common divisor of 18 and 210.
6
Calculate the greatest common divisor of 856 and 16.
8
Calculate the greatest common factor of 164 and 943.
41
What is the highest common divisor of 84 and 63?
21
What is the greatest common divisor of 59 and 2183?
59
What is the highest common factor of 8190 and 90?
90
What is the highest common factor of 48 and 108?
12
What is the highest common factor of 1104 and 16?
16
What is the highest common factor of 56 and 56?
56
What is the greatest common factor of 36397 and 17?
17
Calculate the greatest common divisor of 54 and 198.
18
What is the greatest common divisor of 72 and 180?
36
What is the greatest common factor of 52 and 16?
4
What is the highest common divisor of 27 and 927?
9
What is the highest common divisor of 12 and 10884?
12
Calculate the greatest common factor of 3 and 1299.
3
Calculate the greatest common divisor of 684 and 132.
12
Calculate the greatest common factor of 314 and 2.
2
Calculate the greatest common divisor of 525 and 200.
25
Calculate the greatest common factor of 4 and 2.
2
Calculate the greatest common factor of 817 and 43.
43
What is the highest common divisor of 2627 and 71?
71
Calculate the greatest common factor of 34 and 578.
34
What is the greatest common divisor of 900 and 72?
36
Calculate the greatest common divisor of 66 and 1342.
22
Calculate the highest common divisor of 594 and 22.
22
Calculate the greatest common divisor of 120 and 1850.
10
What is the greatest common divisor of 48 and 304?
16
Calculate the greatest common factor of 60 and 1005.
15
What is the greatest common factor of 5727 and 138?
69
Calculate the greatest common divisor of 310 and 10.
10
What is the highest common factor of 987 and 84?
21
What is the greatest common divisor of 117 and 156?
39
What is the highest common divisor of 438 and 480?
6
Calculate the greatest common divisor of 3421 and 11.
11
What is the greatest common factor of 234 and 207?
9
What is the highest common factor of 15425 and 150?
25
Calculate the greatest common divisor of 216 and 414.
18
What is the greatest common factor of 1406 and 133?
19
Calculate the highest common factor of 4 and 98.
2
What is the greatest common divisor of 18 and 16908?
6
Calculate the highest common divisor of 42 and 63.
21
What is the greatest common factor of 5350 and 50?
50
What is the greatest common factor of 198 and 216?
18
Calculate the highest common factor of 689 and 234.
13
What is the greatest common divisor of 21 and 6?
3
What is the greatest common divisor of 24 and 108?
12
Calculate the greatest common divisor of 585 and 234.
117
Calculate the greatest common factor of 17 and 11.
1
Calculate the highest common divisor of 81 and 1296.
81
Calculate the greatest common divisor of 8498 and 14.
14
Calculate the greatest common divisor of 441 and 3136.
49
What is the highest common factor of 4623 and 138?
69
What is the greatest common factor of 62 and 6913?
31
What is the greatest common divisor of 19 and 3743?
19
Calculate the highest common factor of 581 and 3901.
83
Calculate the highest common divisor of 352 and 198.
22
Calculate the highest common divisor of 1326 and 78.
78
Calculate the greatest common divisor of 16 and 432.
16
What is the highest common factor of 407 and 74?
37
What is the greatest common divisor of 416 and 20?
4
Calculate the greatest common factor of 3808 and 14.
14
What is the greatest common divisor of 16 and 392?
8
What is the highest common divisor of 11 and 473?
11
What is the highest common factor of 946 and 11?
11
What is the greatest common factor of 36 and 315?
9
What is the highest common factor of 21 and 147?
21
Calculate the highest common factor